e 12*q = 11*q + 4*z - 26, -2*q - 3*z = -3. Determine r(q).
-109
Suppose -7 = 4*o - 19. Suppose s = -o*n + 5, -4*s + 11 = -3*s + 5*n. Let u(a) be the first derivative of -a**2/2 + 4*a - 1. Calculate u(s).
8
Let o be (-82)/16 + 4/32. Let s(j) = j**3 - 17*j**2 + 21*j + 1. Let u(r) = r**2. Let k(m) = o*u(m) + s(m). Calculate k(21).
1
Let l(y) = y**3 - 8*y**2 + 2*y + 3. Let g(i) = -2*i**3 + 16*i**2 - 5*i - 6. Let b(c) = 2*g(c) + 5*l(c). Suppose -3265*s - 112 = -3279*s. Give b(s).
3
Let n(m) = -7*m**3 + 4*m**2 + 26*m + 46. Let l(d) = -4*d**3 + 3*d**2 + 13*d + 25. Let f(i) = 5*l(i) - 3*n(i). What is f(-4)?
23
Let m be ((-280)/15)/((-6)/9). Let c = -26 + m. Let w(l) = l**3 - l**2 - l + 1. Calculate w(c).
3
Suppose 12*i - 1288 = 584. Let k = i - 163. Let j(m) = m**3 + 6*m**2 - 6*m - 5. Give j(k).
-12
Let l(u) = 2*u**2 - 21*u + 2. Let s be l(11). Suppose -7*r + 8 = -s. Let x(j) = -r + 4*j**3 + 25*j - 21*j - 6*j**3. Give x(2).
-11
Let t(b) = 6*b - 673 + 108 + 523. Calculate t(7).
0
Let d(g) = -g**2 + 3*g + 1. Let c(l) = l**3 + 14*l**2 + 3*l + 15. Let k(x) = -c(x) - 3*d(x). Calculate k(-10).
2
Let h(m) = -8*m - 38. Suppose 6*b - 68 = 2*b. Let f(x) = -3*x - 13. Let z(n) = b*f(n) - 6*h(n). Give z(-5).
22
Let u(y) = -3*y - 11. Let i be -6*(1 - 8/16). Give u(i).
-2
Let b(j) = j**2 + 5*j - 346. Let k be b(-22). Let d(n) = 6*n - 160. Give d(k).
8
Let n be (-1 - 1*-44)/((-10)/(-130)). Let t = 563 - n. Let q(a) = a - 1. Calculate q(t).
3
Let r(g) = -11*g**2 + 22*g - 4. Let a be (-3)/(-6)*(-3)/(-6)*4. Let k(q) = -2*q**2 + 2*q + 1. Let u(f) = a*r(f) - 5*k(f). Calculate u(12).
-9
Let n(a) be the first derivative of 17*a**4 - a**3/3 + a**2/2 - a + 278. Determine n(1).
67
Let v(u) = 3*u**2 + 3*u + 1. Suppose 2*k = 3*c + 12, 4*k = -3*c - 3 + 9. Suppose i + 10 = 2*y, k*y = i - 7 + 21. Give v(i).
7
Let n be (-18 - (-2842)/154)/((-2)/(-11)). Let o(p) be the first derivative of -8*p - 18 + 1/3*p**3 + n*p**2. Calculate o(-7).
6
Let l(q) = q**2 - 171*q - 2171. Let x be l(-12). Let t(o) = 2*o**2 - 51*o + 31. What is t(x)?
6
Let m(z) = 5*z**2 + 5*z - 1. Let d(h) = -6*h**2 - 4*h + 1. Let k(l) = -7*d(l) - 6*m(l). Let f = 118 + -118. Suppose -5*x = -25, -5*i + f*x = x. Calculate k(i).
13
Let g(o) = 49*o**3 + 29*o**2 + o - 7. Let r(d) = -50*d**3 - 37*d**2 + 8. Let x(y) = -5*g(y) - 4*r(y). Determine x(1).
-44
Suppose 5*u + 29 = -3*a, 5*a - 2*a + 23 = u. Let s(p) be the first derivative of 3*p**2/2 + 15*p + 118. Determine s(a).
-9
Suppose -567 = -3*w - 5*q, -q - 376 = -2*w - 5*q. Let k = 193 - w. Let i(p) = 24*p. What is i(k)?
-24
Let z(l) be the second derivative of -l**4/12 + 3*l**2/2 + 394*l. Determine z(0).
3
Let i(j) = -j**2 - 5*j + 3. Let n = -87 + 97. Suppose 0 = -x - 3*b + 6, 7*b - 2*b + n = 0. Let v(k) = k**3 - 10*k**2 - 24*k - 5. Let d be v(x). Give i(d).
3
Suppose -6*o = 7*o + 562 - 653. Let p(u) = -3*u**2 - 2*u**2 - 5 + 10*u + 4*u**2. What is p(o)?
16
Let u(y) = 67 - 5*y - 20 + 4*y + 29*y**2 - y**3 - 1. Determine u(29).
17
Let j(h) = -3*h**3 - 60 + 4*h**3 - 3*h + 58. Suppose 5*d + 25 = 0, -2*d = 9*z - 5*z + 18. Determine j(z).
-4
Let p(k) be the second derivative of -1/20*k**5 + 0 + 1/2*k**4 + 25*k - 3/2*k**2 + 0*k**3. Calculate p(6).
-3
Let n(x) = 3963*x + 49*x**2 - 28*x**2 - 3981*x - 22*x**2. What is n(-15)?
45
Let g(w) = 2*w + 47. Let n be g(-10). Suppose -14*v = -n*v. Let y(c) = 2*c + 8. Give y(v).
8
Suppose 0 = -14*t + 18*t - 8. Suppose -x + 4*u - 16 - 3 = 0, t*u - 11 = -x. Let g(b) = -10 + 4 - 5*b - b**2 + x. Calculate g(-6).
-11
Let t(g) be the third derivative of g**5/5 - g**4/24 + g**2. Suppose -759*p - 361 - 403 = -5. Calculate t(p).
13
Let p(o) be the second derivative of -o**5/20 - o**4/2 + 4*o**3/3 - 569*o - 1. Determine p(-7).
-7
Suppose 0 = -4*c - 162 - 314. Let k = 122 + c. Suppose 0 = 2*r + 4*s, r + 6*s - k*s - 3 = 0. Let v(y) = y**2 + 10*y + 8. Determine v(r).
-16
Let m(p) be the first derivative of 1/3*p**3 - 1/12*p**4 + 9/2*p**2 - 8 + 0*p. Let b(w) be the second derivative of m(w). Determine b(5).
-8
Let u(h) = h**3 + 7*h**2 - 7*h + 1. Let b(v) = v**3 - 13*v**2 - 15*v + 17. Let g be b(14). Let k be 4/g + (-196)/21. Give u(k).
-7
Let m(q) = 24*q + 69. Let f be m(-3). Let i(n) = 4*n + 2. Let b(o) be the second derivative of -10*o**3/3 - 5*o**2 - o. Let k(d) = f*b(d) - 16*i(d). Give k(-2).
6
Let b be (-1)/((-15)/(-12))*(-5)/2. Let n be (3 + (-10)/4*b)/(-2). Let x(d) = -3*d**3 - d**2 + d. Give x(n).
-3
Let x(t) be the third derivative of -5*t**4/8 + 173*t**3/6 + 13*t**2 - 45*t. What is x(13)?
-22
Let c(p) = -79*p - 2288. Let j be c(-29). Let r(v) = -4*v**2 + 5*v + 3. Let i(t) = -11*t**2 + 14*t + 9. Let w(g) = 3*i(g) - 8*r(g). What is w(j)?
0
Let t(o) = -o**2 - o + 5. Let z(k) = 40*k + 484. Let a be z(-12). What is t(a)?
-15
Suppose 178*y = 177*y + 3*o + 27, -2*y - o = 2. Let k(a) = 6*a - 5. Let z(m) = 23*m - 21. Let l(v) = 9*k(v) - 2*z(v). What is l(y)?
21
Let o(r) = -3*r + 77. Let u be -2 + (154/7 - 4). Calculate o(u).
29
Let t(c) = -c**3 + 3*c**2 + 9*c - 7. Let v(k) = 983*k + 2955. Let q be v(-3). Calculate t(q).
-61
Suppose -l + 6 - 68 = -63*l. Let g(s) = -45*s**3 - 3*s**2 + 3*s. Calculate g(l).
-45
Suppose 7*a + 18 = -108. Let z be 2*a*(-2)/(-8). Let r(p) = -p**2 - 8*p. What is r(z)?
-9
Let p = -7 + 14. Suppose 13*n - p = 19. Suppose -n*r - i + 8 = i, 0 = 4*r + 3*i - 16. Let s(j) = -2*j - 1. Calculate s(r).
-9
Let c(t) be the first derivative of t**3 - 5*t**2/2 + 2*t - 30. Let y(n) = -7*n**2 + 11*n - 3. Let k(l) = 5*c(l) + 2*y(l). What is k(4)?
8
Let z(x) = x**3 - 2*x**2 - 5*x. Suppose -4*o + 3*o = -u - 17, 0 = -u - 4*o + 8. Let c(l) = l**2 + 19*l + 87. Let p be c(u). Give z(p).
-6
Let x(v) = -77*v - 226. Let z be x(-6). Let l = z - 246. Let u(g) = g**3 + 11*g**2 + 9*g + 14. What is u(l)?
24
Let p be (-1 + 1)*-2*1/2. Let s(d) = 10*d - 11*d - 3*d + 3*d - 4. Give s(p).
-4
Let z(w) = -9*w**2 - 9*w + 49. Let k(q) = 5*q**2 + 5*q - 28. Let c(y) = 7*k(y) + 4*z(y). Calculate c(-1).
0
Let x(w) = -3*w**3 - 11*w**2 + 10*w - 4. Let v(h) = -7*h**3 - 23*h**2 + 20*h - 7. Let n = -28 - -30. Let i(z) = n*v(z) - 5*x(z). What is i(-10)?
6
Let b(o) be the third derivative of 2/15*o**5 + 7/6*o**3 + 0 + 3*o - 10*o**2 - 1/120*o**6 - 5/12*o**4. Let f = 18 + -12. Calculate b(f).
19
Let g(o) = 14*o + 27. Let x(h) = -31*h + 151. Let i be x(5). Let n(p) = -5*p - 10. Let f(b) = i*g(b) - 11*n(b). What is f(5)?
-3
Let d be ((-3)/7)/(14/(-294)). Let a(y) = y**3 - 8*y**2 - 19*y - 1. Let i(u) = u**3 - 8*u**2 - 18*u. Let k(g) = 5*a(g) - 6*i(g). Calculate k(d).
31
Let o(j) = -j**3 - 18*j**2 + 18*j + 4. Let l(d) = 6*d**2 - 223*d + 18. Let w be l(37). What is o(w)?
23
Let r(o) = -o - 8. Let v(l) = -8. Let t(z) = 4*r(z) - 5*v(z). Let q = -11 - -9. Let w(i) = 3*i - 8. Let a(u) = q*t(u) - 3*w(u). Give a(5).
3
Let n = -2 + -4. Let r be ((-2)/n)/(6/180). Let y(l) be the third derivative of -l**6/120 + 3*l**5/20 + l**4/3 + 7*l**3/3 - 39*l**2 + 9*l. Determine y(r).
-6
Let v(a) be the first derivative of -a**6/360 - 7*a**5/120 - 7*a**4/24 + a**3 + 4*a**2 + 105. Let c(n) be the third derivative of v(n). Give c(-6).
-1
Let d = 95/498 - 2/83. Let n(g) be the second derivative of 11*g + 2*g**2 + 0 + d*g**3. Calculate n(3).
7
Suppose -266 = -156*z + 76*z + 94*z. Let o(c) = -c**3 - 18*c**2 + 20*c + 19. What is o(z)?
0
Suppose -4*d = -5*v + 32, 76*d - 79*d + v - 13 = 0. Let i be 1/d*(-408)/17. Let b(u) = -u**3 + 7*u**2 + 6*u + 10. What is b(i)?
-6
Let g(m) = 49*m - 1013. Let b(x) = -8*x + 165. Let y(l) = 37*b(l) + 6*g(l). Determine y(5).
17
Let y(m) be the third derivative of m**5/15 + m**4/8 + m**3/3 + 721*m**2. Calculate y(-2).
12
Suppose -5*p - 7*l + 25 = -4*l, 0 = -p + 4*l - 18. Let i(h) = -38 - 3*h**3 + 12 + 18 + 9 + h - 2*h**p. Give i(2).
-29
Let f(c) = -c**2 + 10. Suppose -5*z + 166 + 509 = 0. Suppose -z + 137 = -k. Let h be (6 + -6)*(1 + k). What is f(h)?
10
Let u = 430 - 426. Let p(j) = 3*j + j + j - u*j + 3 + 13. Calculate p(11).
27
Let k(f) = -f**3 - 6*f**2 + 0*f**3 + 4*f**3 - 9*f**3 + 5*f**2 - 2. Let j(x) = -x**3 - 5*x**2 + 0*x**2 + 4*x**2. Let g(u) = -5*j(u) + k(u). Give g(3).
7
Let d(g) be the third derivative of -7*g**4/8 - 8*g**3/3 + 816*g**2 - 5*g. What is d(-1)?
5
Let z(d) = -d**2 + 6*d + 9. Let b be z(7). Let f be ((-183)/(-122))/(b/12). Let n(g) = -g**3 + 9*g**2 - g - 3. Determi